{"id":965,"date":"2022-05-27T20:08:32","date_gmt":"2022-05-27T18:08:32","guid":{"rendered":"http:\/\/shetlandsdesbordes.fr\/?page_id=965"},"modified":"2023-01-24T19:40:31","modified_gmt":"2023-01-24T18:40:31","slug":"lucifer-des-bordes","status":"publish","type":"page","link":"https:\/\/shetlandsdesbordes.fr\/?page_id=965","title":{"rendered":"Lucifer des Bordes"},"content":{"rendered":"\n<p><\/p>\n\n\n\n<p>Lucifer est un bel hongre alezan n\u00e9 le 26 mai 2021. Malheureusement, cet adorable poney est d\u00e9c\u00e9d\u00e9 de coliques \u00e0 1 an et demi.<\/p>\n\n\n\n<figure class=\"wp-block-image size-large\"><img loading=\"lazy\" decoding=\"async\" width=\"1024\" height=\"732\" src=\"http:\/\/shetlandsdesbordes.fr\/wp-content\/uploads\/2023\/01\/Utopie-Lucifer-18-1024x732.jpg\" alt=\"\" class=\"wp-image-1163\"\/><figcaption class=\"wp-element-caption\">Lucifer \u00e0 3 mois \u00e0 Ligni\u00e8res<\/figcaption><\/figure>\n\n\n\n<p><\/p>\n\n\n\n<figure class=\"wp-block-image size-large\"><img loading=\"lazy\" decoding=\"async\" width=\"1024\" height=\"669\" src=\"http:\/\/shetlandsdesbordes.fr\/wp-content\/uploads\/2023\/01\/Utopie-Lucifer-16-1024x669.jpg\" alt=\"\" class=\"wp-image-1162\"\/><figcaption class=\"wp-element-caption\">Lucifer \u00e0 3 mois \u00e0 Ligni\u00e8res<\/figcaption><\/figure>\n\n\n\n<p><\/p>\n","protected":false},"excerpt":{"rendered":"<p>Lucifer est un bel hongre alezan n\u00e9 le 26 mai 2021. Malheureusement, cet adorable poney est d\u00e9c\u00e9d\u00e9 de coliques \u00e0 1 an et demi.<\/p>\n","protected":false},"author":1,"featured_media":0,"parent":27,"menu_order":0,"comment_status":"closed","ping_status":"closed","template":"","meta":{"footnotes":""},"_links":{"self":[{"href":"https:\/\/shetlandsdesbordes.fr\/index.php?rest_route=\/wp\/v2\/pages\/965"}],"collection":[{"href":"https:\/\/shetlandsdesbordes.fr\/index.php?rest_route=\/wp\/v2\/pages"}],"about":[{"href":"https:\/\/shetlandsdesbordes.fr\/index.php?rest_route=\/wp\/v2\/types\/page"}],"author":[{"embeddable":true,"href":"https:\/\/shetlandsdesbordes.fr\/index.php?rest_route=\/wp\/v2\/users\/1"}],"replies":[{"embeddable":true,"href":"https:\/\/shetlandsdesbordes.fr\/index.php?rest_route=%2Fwp%2Fv2%2Fcomments&post=965"}],"version-history":[{"count":3,"href":"https:\/\/shetlandsdesbordes.fr\/index.php?rest_route=\/wp\/v2\/pages\/965\/revisions"}],"predecessor-version":[{"id":1164,"href":"https:\/\/shetlandsdesbordes.fr\/index.php?rest_route=\/wp\/v2\/pages\/965\/revisions\/1164"}],"up":[{"embeddable":true,"href":"https:\/\/shetlandsdesbordes.fr\/index.php?rest_route=\/wp\/v2\/pages\/27"}],"wp:attachment":[{"href":"https:\/\/shetlandsdesbordes.fr\/index.php?rest_route=%2Fwp%2Fv2%2Fmedia&parent=965"}],"curies":[{"name":"wp","href":"https:\/\/api.w.org\/{rel}","templated":true}]}}