{"id":403,"date":"2018-10-24T22:27:51","date_gmt":"2018-10-24T20:27:51","guid":{"rendered":"http:\/\/shetlandsdesbordes.fr\/?page_id=403"},"modified":"2026-02-12T00:15:22","modified_gmt":"2026-02-11T23:15:22","slug":"linka-de-cottard","status":"publish","type":"page","link":"https:\/\/shetlandsdesbordes.fr\/?page_id=403","title":{"rendered":"Linka de Cottard"},"content":{"rendered":"<p><span style=\"color: #000000;\"><span style=\"font-size: large;\">Cette sublime jument noire n\u00e9e en 1994 a des origines 100% anglaises exceptionnelles !! En effet son p\u00e8re est le c\u00e9l\u00e8bre Hose Personality, il a gagn\u00e9 de nombreux championnats en Angleterre et en Europe, il est notamment champion supr\u00eame au Royal Highland Show en 1986 ! Sa m\u00e8re est issue du c\u00e9l\u00e8bre \u00e9levage de Netherley.<\/span><\/span><\/p>\n<p><span style=\"color: #000000;\"><span style=\"font-size: large;\">Elle est la s\u0153ur de Ira de Cottard. Linka est championne de France Shetland Passion en 2010 et m\u00e9daille d&rsquo;or !! Elle est aussi qualifi\u00e9e TRES EXCELLENT. Elle a de magnifiques allures, elle est tr\u00e8s dynamique, elle transmet bien cette \u00e9nergie \u00e0 ses poulains.<br \/><\/span><\/span><\/p>\n<p><span style=\"color: #000000;\"><span style=\"font-size: large;\">Nous avons achet\u00e9 cette jument tardivement, elle n&rsquo;avait jamais poulin\u00e9 et \u00e9tait utilis\u00e9e pour l&rsquo;attelage et sous la selle.<br \/><\/span><\/span><\/p>\n<p><span style=\"color: #000000;\"><span style=\"font-size: large;\">C&rsquo;est aussi une jument tr\u00e8s sympathique puisqu&rsquo;elle a adopt\u00e9 un de nos poulains qui \u00e9tait devenu orphelin, alors qu&rsquo;elle avait elle-m\u00eame le sien ! <br \/>Linka a 32 ans, elle ne pouline plus bien-s\u00fbr, mais elle est toujours en forme et tient compagnie aux autres poneys.<br \/><\/span><\/span><\/p>\n\n\n<figure class=\"wp-block-image size-large\"><img loading=\"lazy\" decoding=\"async\" width=\"1024\" height=\"785\" src=\"http:\/\/shetlandsdesbordes.fr\/wp-content\/uploads\/2020\/07\/linka-fsp-1-1024x785.jpg\" alt=\"\" class=\"wp-image-714\"\/><figcaption class=\"wp-element-caption\">Linka \u00e0 16 ans<br><\/figcaption><\/figure>\n\n\n\n<figure class=\"wp-block-image size-large\"><img loading=\"lazy\" decoding=\"async\" width=\"666\" height=\"740\" src=\"http:\/\/shetlandsdesbordes.fr\/wp-content\/uploads\/2020\/07\/blois-2011.4.jpg\" alt=\"\" class=\"wp-image-716\" srcset=\"https:\/\/shetlandsdesbordes.fr\/wp-content\/uploads\/2020\/07\/blois-2011.4.jpg 666w, https:\/\/shetlandsdesbordes.fr\/wp-content\/uploads\/2020\/07\/blois-2011.4-270x300.jpg 270w\" sizes=\"(max-width: 666px) 100vw, 666px\" \/><figcaption class=\"wp-element-caption\">Linka \u00e0 17 ans<br><br><\/figcaption><\/figure>\n\n\n\n<figure class=\"wp-block-image size-large\"><img loading=\"lazy\" decoding=\"async\" width=\"1024\" height=\"668\" src=\"http:\/\/shetlandsdesbordes.fr\/wp-content\/uploads\/2020\/07\/linka-hugoline-amboise-2017-17-1024x668.jpg\" alt=\"\" class=\"wp-image-717\"\/><figcaption class=\"wp-element-caption\">Linka en 2017<br><\/figcaption><\/figure>\n\n\n\n<figure class=\"wp-block-image size-large\"><img loading=\"lazy\" decoding=\"async\" width=\"1024\" height=\"678\" src=\"http:\/\/shetlandsdesbordes.fr\/wp-content\/uploads\/2020\/07\/linka-hugoline-amboise-2017-13-1024x678.jpg\" alt=\"\" class=\"wp-image-718\"\/><figcaption class=\"wp-element-caption\">Linka en 2017<br><\/figcaption><\/figure>\n\n\n\n<figure class=\"wp-block-image size-large\"><img loading=\"lazy\" decoding=\"async\" width=\"795\" height=\"521\" src=\"http:\/\/shetlandsdesbordes.fr\/wp-content\/uploads\/2020\/07\/ligni\u00e8res-2019-3.jpg\" alt=\"\" class=\"wp-image-719\" srcset=\"https:\/\/shetlandsdesbordes.fr\/wp-content\/uploads\/2020\/07\/ligni\u00e8res-2019-3.jpg 795w, https:\/\/shetlandsdesbordes.fr\/wp-content\/uploads\/2020\/07\/ligni\u00e8res-2019-3-300x197.jpg 300w, https:\/\/shetlandsdesbordes.fr\/wp-content\/uploads\/2020\/07\/ligni\u00e8res-2019-3-768x503.jpg 768w\" sizes=\"(max-width: 795px) 100vw, 795px\" \/><figcaption class=\"wp-element-caption\">Linka en 2019<br><\/figcaption><\/figure>\n\n\n\n<figure class=\"wp-block-image size-large\"><img loading=\"lazy\" decoding=\"async\" width=\"457\" height=\"365\" src=\"http:\/\/shetlandsdesbordes.fr\/wp-content\/uploads\/2020\/07\/ligni\u00e8res-2019-5.jpg\" alt=\"\" class=\"wp-image-720\" srcset=\"https:\/\/shetlandsdesbordes.fr\/wp-content\/uploads\/2020\/07\/ligni\u00e8res-2019-5.jpg 457w, https:\/\/shetlandsdesbordes.fr\/wp-content\/uploads\/2020\/07\/ligni\u00e8res-2019-5-300x240.jpg 300w\" sizes=\"(max-width: 457px) 100vw, 457px\" \/><figcaption class=\"wp-element-caption\">Linka en 2019<br><\/figcaption><\/figure>\n","protected":false},"excerpt":{"rendered":"<p>Cette sublime jument noire n\u00e9e en 1994 a des origines 100% anglaises exceptionnelles !! En effet son p\u00e8re est le c\u00e9l\u00e8bre Hose Personality, il a gagn\u00e9 de nombreux championnats en Angleterre et en Europe, il est notamment champion supr\u00eame au <a class=\"more-link\" href=\"https:\/\/shetlandsdesbordes.fr\/?page_id=403\">Lire plus &#8230;<\/a><\/p>\n","protected":false},"author":2,"featured_media":0,"parent":25,"menu_order":0,"comment_status":"closed","ping_status":"closed","template":"","meta":{"footnotes":""},"_links":{"self":[{"href":"https:\/\/shetlandsdesbordes.fr\/index.php?rest_route=\/wp\/v2\/pages\/403"}],"collection":[{"href":"https:\/\/shetlandsdesbordes.fr\/index.php?rest_route=\/wp\/v2\/pages"}],"about":[{"href":"https:\/\/shetlandsdesbordes.fr\/index.php?rest_route=\/wp\/v2\/types\/page"}],"author":[{"embeddable":true,"href":"https:\/\/shetlandsdesbordes.fr\/index.php?rest_route=\/wp\/v2\/users\/2"}],"replies":[{"embeddable":true,"href":"https:\/\/shetlandsdesbordes.fr\/index.php?rest_route=%2Fwp%2Fv2%2Fcomments&post=403"}],"version-history":[{"count":6,"href":"https:\/\/shetlandsdesbordes.fr\/index.php?rest_route=\/wp\/v2\/pages\/403\/revisions"}],"predecessor-version":[{"id":1769,"href":"https:\/\/shetlandsdesbordes.fr\/index.php?rest_route=\/wp\/v2\/pages\/403\/revisions\/1769"}],"up":[{"embeddable":true,"href":"https:\/\/shetlandsdesbordes.fr\/index.php?rest_route=\/wp\/v2\/pages\/25"}],"wp:attachment":[{"href":"https:\/\/shetlandsdesbordes.fr\/index.php?rest_route=%2Fwp%2Fv2%2Fmedia&parent=403"}],"curies":[{"name":"wp","href":"https:\/\/api.w.org\/{rel}","templated":true}]}}