{"id":402,"date":"2018-10-24T22:41:28","date_gmt":"2018-10-24T20:41:28","guid":{"rendered":"http:\/\/shetlandsdesbordes.fr\/?page_id=402"},"modified":"2024-11-04T20:11:15","modified_gmt":"2024-11-04T19:11:15","slug":"utopie-commanderie","status":"publish","type":"page","link":"https:\/\/shetlandsdesbordes.fr\/?page_id=402","title":{"rendered":"Utopie Commanderie"},"content":{"rendered":"<p><span style=\"color: #000000;\"><span style=\"font-size: large;\">Utopie Commanderie est une tr\u00e8s belle jument alezane, fille de Max de Bois Guilbert et de Janet de la Picherie (Volcan de la Clairi\u00e8re), elle est n\u00e9e en 2008.<\/span><\/span><\/p>\n<p><span style=\"color: #000000;\"><span style=\"font-size: large;\">Ses 2 parents sont qualifi\u00e9s TRES EXCELLENT et sont \u00e9galement champion et championne de France !<\/span><\/span><\/p>\n<p><span style=\"color: #000000;\"><span style=\"font-size: large;\">Utopie se classe 2\u00e8me des ponettes \u00e0 la finale r\u00e9gionale des pouliches de 2 ans \u00e0 Lamotte Beuvron. Elle a obtenu 2 ann\u00e9es de suite une m\u00e9daille d&rsquo;argent aux championnats de France-Shetland Passion.\u00a0 E<\/span><\/span><span style=\"color: #000000;\"><span style=\"font-size: large;\">n 2014, elle est elle-m\u00eame championne de France des juments suit\u00e9es et obtient une m\u00e9daille d&rsquo;or, ainsi qu&rsquo;en 2018, ann\u00e9e o\u00f9 elle remporte le championnat s\u00e9nior standard, elle est champion supr\u00eame r\u00e9serve ! Utopie est qualifi\u00e9e EXCELLENT 2 ann\u00e9es de suite, en 2021 et 2022, elle se classe 4\u00e8me\/12 lors des championnats de France \u00e0 Lamotte-Beuvron en 2021.<br \/><\/span><\/span><\/p>\n<p><span style=\"color: #000000;\"><span style=\"font-size: large;\">Plusieurs de ses produits se sont illustr\u00e9s en concours de mod\u00e8les et allures : Br\u00e8ves des Bordes, m\u00e9daille d&rsquo;or et vice-championne des foals en 2011 et championne de France des poneys de 1 an en 2012,\u00a0 Erasmus des Bordes se classe 3\u00e8me des foals au championnat de France FSP, Illico des Bordes est champion de France FSP des foals en 2018 et Jolie M\u00f4me des Bordes est vice-championne de France FSP des foals en 2019.<br \/><\/span><\/span><\/p>\n<p><span style=\"color: #000000;\"><span style=\"font-size: large;\">C&rsquo;est une jument tr\u00e8s r\u00e9guli\u00e8re en concours, avec de l&rsquo;os sans oublier le chic, elle se distingue notamment sur ses allures magnifiques. Cette jument est aussi tr\u00e8s dynamique et a un bon coup de saut. Elle est d\u00e9bourr\u00e9e sous la selle. <br \/>Malheureusement son dernier poulinage s&rsquo;est mal pass\u00e9 en 2023, elle ne peut plus se reproduire dor\u00e9navant.<br \/><\/span><\/span><\/p>\n\n\n<figure class=\"wp-block-image size-large\"><img loading=\"lazy\" decoding=\"async\" width=\"683\" height=\"1024\" src=\"http:\/\/shetlandsdesbordes.fr\/wp-content\/uploads\/2020\/07\/utopie-lamotte.10-683x1024.jpg\" alt=\"\" class=\"wp-image-704\"\/><figcaption class=\"wp-element-caption\">\u00e0 2 ans<br><\/figcaption><\/figure>\n\n\n\n<figure class=\"wp-block-image size-large\"><img loading=\"lazy\" decoding=\"async\" width=\"1024\" height=\"754\" src=\"http:\/\/shetlandsdesbordes.fr\/wp-content\/uploads\/2020\/07\/utopie-lamotte-3-1024x754.jpg\" alt=\"\" class=\"wp-image-703\"\/><figcaption class=\"wp-element-caption\">\u00e0 2 ans \u00e0 la finale r\u00e9gionale des pouliches <br><\/figcaption><\/figure>\n\n\n\n<figure class=\"wp-block-image size-large\"><img loading=\"lazy\" decoding=\"async\" width=\"1024\" height=\"576\" src=\"http:\/\/shetlandsdesbordes.fr\/wp-content\/uploads\/2020\/07\/P1040688-1024x576.jpg\" alt=\"\" class=\"wp-image-707\"\/><figcaption class=\"wp-element-caption\">Utopie \u00e0 9 ans<br><\/figcaption><\/figure>\n\n\n\n<figure class=\"wp-block-image size-large\"><img loading=\"lazy\" decoding=\"async\" width=\"781\" height=\"623\" src=\"http:\/\/shetlandsdesbordes.fr\/wp-content\/uploads\/2020\/07\/utopie-et-erasmus-11.jpg\" alt=\"\" class=\"wp-image-705\" srcset=\"https:\/\/shetlandsdesbordes.fr\/wp-content\/uploads\/2020\/07\/utopie-et-erasmus-11.jpg 781w, https:\/\/shetlandsdesbordes.fr\/wp-content\/uploads\/2020\/07\/utopie-et-erasmus-11-300x239.jpg 300w, https:\/\/shetlandsdesbordes.fr\/wp-content\/uploads\/2020\/07\/utopie-et-erasmus-11-768x613.jpg 768w\" sizes=\"(max-width: 781px) 100vw, 781px\" \/><figcaption class=\"wp-element-caption\">Utopie \u00e0 5 ans<br><\/figcaption><\/figure>\n\n\n\n<figure class=\"wp-block-image size-large\"><img loading=\"lazy\" decoding=\"async\" width=\"1024\" height=\"581\" src=\"http:\/\/shetlandsdesbordes.fr\/wp-content\/uploads\/2020\/07\/utopie-et-gavroche-14-1024x581.jpg\" alt=\"\" class=\"wp-image-706\"\/><figcaption class=\"wp-element-caption\">Utopie \u00e0 7 ans<br><\/figcaption><\/figure>\n\n\n\n<figure class=\"wp-block-image size-large\"><img loading=\"lazy\" decoding=\"async\" width=\"1024\" height=\"656\" src=\"http:\/\/shetlandsdesbordes.fr\/wp-content\/uploads\/2020\/07\/P1040713-1024x656.jpg\" alt=\"\" class=\"wp-image-708\"\/><figcaption class=\"wp-element-caption\">Utopie \u00e0 9 ans<br><\/figcaption><\/figure>\n\n\n\n<figure class=\"wp-block-image size-large\"><img decoding=\"async\" src=\"http:\/\/shetlandsdesbordes.fr\/wp-content\/uploads\/2020\/07\/IMG_9378-1024x683.jpg\" alt=\"\" class=\"wp-image-709\"\/><figcaption class=\"wp-element-caption\">Utopie sous la selle<br><\/figcaption><\/figure>\n\n\n\n<figure class=\"wp-block-image size-large\"><img loading=\"lazy\" decoding=\"async\" width=\"1024\" height=\"638\" src=\"http:\/\/shetlandsdesbordes.fr\/wp-content\/uploads\/2020\/07\/Chambord-1-1024x638.jpg\" alt=\"\" class=\"wp-image-710\"\/><figcaption class=\"wp-element-caption\">pour les 500 ans du ch\u00e2teau de Chambord<br><\/figcaption><\/figure>\n\n\n\n<figure class=\"wp-block-image size-large\"><img decoding=\"async\" src=\"http:\/\/shetlandsdesbordes.fr\/wp-content\/uploads\/2020\/07\/ligni\u00e8res-2019-6.jpg\" alt=\"\" class=\"wp-image-711\"\/><figcaption class=\"wp-element-caption\">Utopie \u00e0 11 ans<br><\/figcaption><\/figure>\n","protected":false},"excerpt":{"rendered":"<p>Utopie Commanderie est une tr\u00e8s belle jument alezane, fille de Max de Bois Guilbert et de Janet de la Picherie (Volcan de la Clairi\u00e8re), elle est n\u00e9e en 2008. Ses 2 parents sont qualifi\u00e9s TRES EXCELLENT et sont \u00e9galement champion <a class=\"more-link\" href=\"https:\/\/shetlandsdesbordes.fr\/?page_id=402\">Lire plus &#8230;<\/a><\/p>\n","protected":false},"author":2,"featured_media":0,"parent":25,"menu_order":0,"comment_status":"closed","ping_status":"closed","template":"","meta":{"footnotes":""},"_links":{"self":[{"href":"https:\/\/shetlandsdesbordes.fr\/index.php?rest_route=\/wp\/v2\/pages\/402"}],"collection":[{"href":"https:\/\/shetlandsdesbordes.fr\/index.php?rest_route=\/wp\/v2\/pages"}],"about":[{"href":"https:\/\/shetlandsdesbordes.fr\/index.php?rest_route=\/wp\/v2\/types\/page"}],"author":[{"embeddable":true,"href":"https:\/\/shetlandsdesbordes.fr\/index.php?rest_route=\/wp\/v2\/users\/2"}],"replies":[{"embeddable":true,"href":"https:\/\/shetlandsdesbordes.fr\/index.php?rest_route=%2Fwp%2Fv2%2Fcomments&post=402"}],"version-history":[{"count":9,"href":"https:\/\/shetlandsdesbordes.fr\/index.php?rest_route=\/wp\/v2\/pages\/402\/revisions"}],"predecessor-version":[{"id":1695,"href":"https:\/\/shetlandsdesbordes.fr\/index.php?rest_route=\/wp\/v2\/pages\/402\/revisions\/1695"}],"up":[{"embeddable":true,"href":"https:\/\/shetlandsdesbordes.fr\/index.php?rest_route=\/wp\/v2\/pages\/25"}],"wp:attachment":[{"href":"https:\/\/shetlandsdesbordes.fr\/index.php?rest_route=%2Fwp%2Fv2%2Fmedia&parent=402"}],"curies":[{"name":"wp","href":"https:\/\/api.w.org\/{rel}","templated":true}]}}