{"id":363,"date":"2018-10-24T21:47:28","date_gmt":"2018-10-24T19:47:28","guid":{"rendered":"http:\/\/shetlandsdesbordes.fr\/?page_id=363"},"modified":"2024-04-26T01:11:19","modified_gmt":"2024-04-25T23:11:19","slug":"email-des-bordes","status":"publish","type":"page","link":"https:\/\/shetlandsdesbordes.fr\/?page_id=363","title":{"rendered":"E&rsquo;mail des Bordes"},"content":{"rendered":"<p><span style=\"color: #000000;\"><span style=\"font-size: large;\">Tr\u00e8s joli hongre alezan, dot\u00e9 d&rsquo;un caract\u00e8re adorable, E&rsquo;mail est d\u00e9bourr\u00e9 sous la selle et \u00e0 l&rsquo;attelage. Il est d\u00e9j\u00e0 sorti plusieurs\u00a0 fois \u00e0 l&rsquo;ext\u00e9rieur pour des concours de mod\u00e8les et n&rsquo;a peur de rien !<\/span><\/span><\/p>\n<p><span style=\"color: #000000;\"><span style=\"font-size: large;\">Sa m\u00e8re, Arobase des Bordes, se classe 3\u00e8me des poulini\u00e8res suit\u00e9es au championnat de FSP en 2014, et obtient une m\u00e9daille d&rsquo;or. Le p\u00e8re d&rsquo;Arobase, Sharptor Lithium Red, \u00e9talon anglais, est m\u00e9daille d&rsquo;or \u00e9galement, et surtout il est champion supr\u00eame du championnat de FSP en 2014 ! Sa m\u00e8re est championne de France des poulini\u00e8res suit\u00e9es en 2013, avec une m\u00e9daille d&rsquo;argent. Elle est partie continuer sa carri\u00e8re de poulini\u00e8re en Cor\u00e9e du Sud, c&rsquo;est donc le seul produit de cette poulini\u00e8re disponible \u00e0 la vente en France.<\/span><\/span><\/p>\n<p><span style=\"color: #000000;\"><span style=\"font-size: large;\">Son p\u00e8re, Paladin des Bordes, est m\u00e9daille d&rsquo;argent FSP, il est le fr\u00e8re de Tic-tac des Bordes, 3 ans de suite double sans-faute en A1 aux championnats de France G\u00e9n\u00e9rali de Lamotte-Beuvron.<\/span><\/span><\/p>\n<p><span style=\"color: #000000;\"><span style=\"font-size: large;\">E&rsquo;mail est de grande taille (111cm) et osseux, il est tr\u00e8s gentil et ob\u00e9issant, calme. Il saute en libert\u00e9. il a \u00e9t\u00e9 mont\u00e9 en carri\u00e8re et en balade.<\/span><\/span><\/p>\n<p>E&rsquo;mail est parti dans un centre \u00e9questre avec son copain Frou frou. Nous leur souhaitons une bonne continuation !!<\/p>\n\n\n<figure class=\"wp-block-image size-large\"><img loading=\"lazy\" decoding=\"async\" width=\"1024\" height=\"744\" src=\"http:\/\/shetlandsdesbordes.fr\/wp-content\/uploads\/2020\/07\/email-juin-19-22-1024x744.jpg\" alt=\"\" class=\"wp-image-735\"\/><figcaption class=\"wp-element-caption\">E&rsquo;mail \u00e0 5 ans<br><\/figcaption><\/figure>\n\n\n\n<figure class=\"wp-block-image size-large\"><img loading=\"lazy\" decoding=\"async\" width=\"1024\" height=\"734\" src=\"http:\/\/shetlandsdesbordes.fr\/wp-content\/uploads\/2020\/07\/email-juin-19-8-Copie-1024x734.jpg\" alt=\"\" class=\"wp-image-736\"\/><figcaption class=\"wp-element-caption\">E&rsquo;mail mont\u00e9 par une enfant de 7 ans<br><\/figcaption><\/figure>\n\n\n\n<figure class=\"wp-block-image size-large\"><img decoding=\"async\" src=\"http:\/\/shetlandsdesbordes.fr\/wp-content\/uploads\/2020\/07\/email-juin-19-4-Copie-1024x792.jpg\" alt=\"\" class=\"wp-image-737\"\/><\/figure>\n\n\n\n<figure class=\"wp-block-image size-large\"><img loading=\"lazy\" decoding=\"async\" width=\"1024\" height=\"601\" src=\"http:\/\/shetlandsdesbordes.fr\/wp-content\/uploads\/2020\/07\/email-aout-19-1-1024x601.jpg\" alt=\"\" class=\"wp-image-738\"\/><figcaption class=\"wp-element-caption\">E&rsquo;mail aux longues r\u00eanes<br><\/figcaption><\/figure>\n","protected":false},"excerpt":{"rendered":"<p>Tr\u00e8s joli hongre alezan, dot\u00e9 d&rsquo;un caract\u00e8re adorable, E&rsquo;mail est d\u00e9bourr\u00e9 sous la selle et \u00e0 l&rsquo;attelage. Il est d\u00e9j\u00e0 sorti plusieurs\u00a0 fois \u00e0 l&rsquo;ext\u00e9rieur pour des concours de mod\u00e8les et n&rsquo;a peur de rien ! Sa m\u00e8re, Arobase des <a class=\"more-link\" href=\"https:\/\/shetlandsdesbordes.fr\/?page_id=363\">Lire plus &#8230;<\/a><\/p>\n","protected":false},"author":2,"featured_media":0,"parent":31,"menu_order":0,"comment_status":"closed","ping_status":"closed","template":"","meta":{"footnotes":""},"_links":{"self":[{"href":"https:\/\/shetlandsdesbordes.fr\/index.php?rest_route=\/wp\/v2\/pages\/363"}],"collection":[{"href":"https:\/\/shetlandsdesbordes.fr\/index.php?rest_route=\/wp\/v2\/pages"}],"about":[{"href":"https:\/\/shetlandsdesbordes.fr\/index.php?rest_route=\/wp\/v2\/types\/page"}],"author":[{"embeddable":true,"href":"https:\/\/shetlandsdesbordes.fr\/index.php?rest_route=\/wp\/v2\/users\/2"}],"replies":[{"embeddable":true,"href":"https:\/\/shetlandsdesbordes.fr\/index.php?rest_route=%2Fwp%2Fv2%2Fcomments&post=363"}],"version-history":[{"count":8,"href":"https:\/\/shetlandsdesbordes.fr\/index.php?rest_route=\/wp\/v2\/pages\/363\/revisions"}],"predecessor-version":[{"id":1561,"href":"https:\/\/shetlandsdesbordes.fr\/index.php?rest_route=\/wp\/v2\/pages\/363\/revisions\/1561"}],"up":[{"embeddable":true,"href":"https:\/\/shetlandsdesbordes.fr\/index.php?rest_route=\/wp\/v2\/pages\/31"}],"wp:attachment":[{"href":"https:\/\/shetlandsdesbordes.fr\/index.php?rest_route=%2Fwp%2Fv2%2Fmedia&parent=363"}],"curies":[{"name":"wp","href":"https:\/\/api.w.org\/{rel}","templated":true}]}}