{"id":294,"date":"2018-10-24T18:47:22","date_gmt":"2018-10-24T16:47:22","guid":{"rendered":"http:\/\/shetlandsdesbordes.fr\/?page_id=294"},"modified":"2024-04-26T01:14:44","modified_gmt":"2024-04-25T23:14:44","slug":"frou-frou-des-bordes","status":"publish","type":"page","link":"https:\/\/shetlandsdesbordes.fr\/?page_id=294","title":{"rendered":"Frou Frou des Bordes"},"content":{"rendered":"<p><span style=\"color: #000000;\"><span style=\"font-size: large;\">Frou Frou est un magnifique hongre alezan cuivr\u00e9. Frou Frou est tr\u00e8s osseux, mais avec beaucoup de chic, il se d\u00e9place tr\u00e8s bien. Il est de grande taille (110 cm). Ce poney est adorable et tr\u00e8s proche de l&rsquo;\u00eatre humain, il vient nous voir au pr\u00e9, se laisse brosser, doucher, donne les pieds etc.. il est d\u00e9j\u00e0 sorti 2 fois en concours mod\u00e8les et allures et n&rsquo;a peur de rien !! il est d\u00e9bourr\u00e9 sous la selle et aux longues r\u00eanes, il est mont\u00e9 en carri\u00e8re et en balade.<br \/><\/span><\/span><\/p>\n<p><span style=\"color: #000000;\"><span style=\"font-size: large;\">il est le fils de Sharptor Lithium Red et Rachna v&rsquo;.t Kampje. Son p\u00e8re est un superbe \u00e9talon anglais, champion de France FSP des \u00e9talons en 2014 avec une m\u00e9daille d&rsquo;or, et surtout champion supr\u00eame de ce championnat. Sa m\u00e8re est championne de France FSP des poulini\u00e8res suit\u00e9es en 2013, avec une m\u00e9daille d&rsquo;or. Frou Frou est le propre fr\u00e8re de Arobase des Bordes, m\u00e9daille d&rsquo;or et 3\u00e8me des poulini\u00e8res suit\u00e9es au championnat de France FSP en 2014. Elle est partie continuer sa carri\u00e8re de poulini\u00e8re en Cor\u00e9e du sud.<\/span><\/span><\/p>\n<p>Froufrou remporte le concours des foals \u00e0 la ferme expo de Tours en 2015, il se classe 2\u00e8me du concours inter race des poneys A \u00e0 la m\u00eame ferme expo de Tours en 2019. Il est qualifi\u00e9 label loisirs en 2019.<\/p>\n<p>Froufrou est parti dans un centre \u00e9questre avec son copain E&rsquo;mail. Nous souhaitons une bonne continuation \u00e0 ces 2 poneys !!<\/p>\n<p>\u00a0 <\/p>\n<div id=\"attachment_312\" style=\"width: 550px\" class=\"wp-caption alignnone\"><img loading=\"lazy\" decoding=\"async\" aria-describedby=\"caption-attachment-312\" class=\"size-large wp-image-312\" src=\"http:\/\/shetlandsdesbordes.fr\/wp-content\/uploads\/2018\/10\/30.05-2-1024x683.jpg\" alt=\"\" width=\"540\" height=\"360\" \/><p id=\"caption-attachment-312\" class=\"wp-caption-text\">Froufrou<\/p><\/div>\n\n\n<figure class=\"wp-block-image size-large\"><img loading=\"lazy\" decoding=\"async\" width=\"1024\" height=\"798\" src=\"http:\/\/shetlandsdesbordes.fr\/wp-content\/uploads\/2020\/07\/froufrou-juin-19-7-1024x798.jpg\" alt=\"\" class=\"wp-image-742\"\/><figcaption class=\"wp-element-caption\">Froufrou \u00e0 4 ans<br><\/figcaption><\/figure>\n\n\n\n<figure class=\"wp-block-image size-large\"><img loading=\"lazy\" decoding=\"async\" width=\"1024\" height=\"772\" src=\"http:\/\/shetlandsdesbordes.fr\/wp-content\/uploads\/2020\/07\/froufrou-juin-19-12-1024x772.jpg\" alt=\"\" class=\"wp-image-743\"\/><figcaption class=\"wp-element-caption\">Froufrou \u00e0 4 ans<br><\/figcaption><\/figure>\n","protected":false},"excerpt":{"rendered":"<p>Frou Frou est un magnifique hongre alezan cuivr\u00e9. Frou Frou est tr\u00e8s osseux, mais avec beaucoup de chic, il se d\u00e9place tr\u00e8s bien. Il est de grande taille (110 cm). Ce poney est adorable et tr\u00e8s proche de l&rsquo;\u00eatre humain, <a class=\"more-link\" href=\"https:\/\/shetlandsdesbordes.fr\/?page_id=294\">Lire plus &#8230;<\/a><\/p>\n","protected":false},"author":2,"featured_media":0,"parent":31,"menu_order":0,"comment_status":"closed","ping_status":"closed","template":"","meta":{"footnotes":""},"_links":{"self":[{"href":"https:\/\/shetlandsdesbordes.fr\/index.php?rest_route=\/wp\/v2\/pages\/294"}],"collection":[{"href":"https:\/\/shetlandsdesbordes.fr\/index.php?rest_route=\/wp\/v2\/pages"}],"about":[{"href":"https:\/\/shetlandsdesbordes.fr\/index.php?rest_route=\/wp\/v2\/types\/page"}],"author":[{"embeddable":true,"href":"https:\/\/shetlandsdesbordes.fr\/index.php?rest_route=\/wp\/v2\/users\/2"}],"replies":[{"embeddable":true,"href":"https:\/\/shetlandsdesbordes.fr\/index.php?rest_route=%2Fwp%2Fv2%2Fcomments&post=294"}],"version-history":[{"count":8,"href":"https:\/\/shetlandsdesbordes.fr\/index.php?rest_route=\/wp\/v2\/pages\/294\/revisions"}],"predecessor-version":[{"id":1568,"href":"https:\/\/shetlandsdesbordes.fr\/index.php?rest_route=\/wp\/v2\/pages\/294\/revisions\/1568"}],"up":[{"embeddable":true,"href":"https:\/\/shetlandsdesbordes.fr\/index.php?rest_route=\/wp\/v2\/pages\/31"}],"wp:attachment":[{"href":"https:\/\/shetlandsdesbordes.fr\/index.php?rest_route=%2Fwp%2Fv2%2Fmedia&parent=294"}],"curies":[{"name":"wp","href":"https:\/\/api.w.org\/{rel}","templated":true}]}}