{"id":279,"date":"2018-10-23T18:17:33","date_gmt":"2018-10-23T16:17:33","guid":{"rendered":"http:\/\/shetlandsdesbordes.fr\/?page_id=279"},"modified":"2024-04-26T01:17:22","modified_gmt":"2024-04-25T23:17:22","slug":"gavroche-des-bordes","status":"publish","type":"page","link":"https:\/\/shetlandsdesbordes.fr\/?page_id=279","title":{"rendered":"Gavroche des Bordes"},"content":{"rendered":"<p><span style=\"color: #000000;\"><span style=\"font-size: large;\">\u00a0Gavroche est un magnifique et adorable poney alezan. Il est le fils de Sharptor Lithium Red et de Utopie Commanderie (Max de bois guilbert). <\/span><\/span><\/p>\n<p><span style=\"color: #000000;\"><span style=\"font-size: large;\">Son p\u00e8re est champion de France FSP des \u00e9talons et champion supr\u00eame en 2014. Sa m\u00e8re est championne de France des poulini\u00e8res suit\u00e9es en 2014, vice-championne de France en 2016, championne de France en 2018 et champion supr\u00eame r\u00e9serve, championne de France en 2019. Tous les 2 ont remport\u00e9 une m\u00e9daille d&rsquo;or.<\/span><\/span><\/p>\n<p><span style=\"color: #000000;\"><span style=\"font-size: large;\">Gavroche est un poney adorable et vraiment gentil, tr\u00e8s proche de l&rsquo;\u00eatre humain. Il vient nous voir au pr\u00e9 pour avoir des caresses. Il se laisse licoler, brosser, donne les pieds etc..\u00a0 Il se d\u00e9place tr\u00e8s bien et a obtenu la note de 50\/60 au concours des foals IFCE de Mezi\u00e8res en Brenne. Il est champion r\u00e9gional et de France des poneys de 1 an en 2017, vice-champion des m\u00e2les de 2 ans en 2018.<br \/>Gavroche est d\u00e9bourr\u00e9 sous la selle, il est tr\u00e8s ob\u00e9issant et saute tr\u00e8s bien. Gavroche est parti dans la Brenne faire le bonheur d&rsquo;une famille.<br \/><\/span><\/span><\/p>\n<p><img loading=\"lazy\" decoding=\"async\" class=\"alignnone size-large wp-image-286\" src=\"http:\/\/shetlandsdesbordes.fr\/wp-content\/uploads\/2018\/10\/09.06-1-1024x563.jpg\" alt=\"\" width=\"540\" height=\"297\" \/><\/p>\n\n\n<figure class=\"wp-block-image size-large\"><img loading=\"lazy\" decoding=\"async\" width=\"1024\" height=\"831\" src=\"http:\/\/shetlandsdesbordes.fr\/wp-content\/uploads\/2020\/07\/gavroche-aout-2019-8-1024x831.jpg\" alt=\"\" class=\"wp-image-748\"\/><figcaption class=\"wp-element-caption\">Gavroche \u00e0 3 ans<br><\/figcaption><\/figure>\n","protected":false},"excerpt":{"rendered":"<p>\u00a0Gavroche est un magnifique et adorable poney alezan. Il est le fils de Sharptor Lithium Red et de Utopie Commanderie (Max de bois guilbert). Son p\u00e8re est champion de France FSP des \u00e9talons et champion supr\u00eame en 2014. Sa m\u00e8re <a class=\"more-link\" href=\"https:\/\/shetlandsdesbordes.fr\/?page_id=279\">Lire plus &#8230;<\/a><\/p>\n","protected":false},"author":2,"featured_media":0,"parent":31,"menu_order":0,"comment_status":"closed","ping_status":"closed","template":"","meta":{"footnotes":""},"_links":{"self":[{"href":"https:\/\/shetlandsdesbordes.fr\/index.php?rest_route=\/wp\/v2\/pages\/279"}],"collection":[{"href":"https:\/\/shetlandsdesbordes.fr\/index.php?rest_route=\/wp\/v2\/pages"}],"about":[{"href":"https:\/\/shetlandsdesbordes.fr\/index.php?rest_route=\/wp\/v2\/types\/page"}],"author":[{"embeddable":true,"href":"https:\/\/shetlandsdesbordes.fr\/index.php?rest_route=\/wp\/v2\/users\/2"}],"replies":[{"embeddable":true,"href":"https:\/\/shetlandsdesbordes.fr\/index.php?rest_route=%2Fwp%2Fv2%2Fcomments&post=279"}],"version-history":[{"count":13,"href":"https:\/\/shetlandsdesbordes.fr\/index.php?rest_route=\/wp\/v2\/pages\/279\/revisions"}],"predecessor-version":[{"id":1573,"href":"https:\/\/shetlandsdesbordes.fr\/index.php?rest_route=\/wp\/v2\/pages\/279\/revisions\/1573"}],"up":[{"embeddable":true,"href":"https:\/\/shetlandsdesbordes.fr\/index.php?rest_route=\/wp\/v2\/pages\/31"}],"wp:attachment":[{"href":"https:\/\/shetlandsdesbordes.fr\/index.php?rest_route=%2Fwp%2Fv2%2Fmedia&parent=279"}],"curies":[{"name":"wp","href":"https:\/\/api.w.org\/{rel}","templated":true}]}}