{"id":25,"date":"2018-10-22T19:07:00","date_gmt":"2018-10-22T17:07:00","guid":{"rendered":"http:\/\/shetlandsdesbordes.fr\/?page_id=25"},"modified":"2026-04-05T23:12:19","modified_gmt":"2026-04-05T21:12:19","slug":"presentation-des-juments","status":"publish","type":"page","link":"https:\/\/shetlandsdesbordes.fr\/?page_id=25","title":{"rendered":"Pr\u00e9sentation des juments"},"content":{"rendered":"<div id=\"album_introduction\" class=\"introduction\">\n<p>Toutes nos poulini\u00e8res ont \u00e9t\u00e9 prim\u00e9es en concours Mod\u00e8les et Allures, certaines sont championnes de France. Nous vous pr\u00e9sentons l&rsquo;ensemble des juments mises \u00e0 la reproduction \u00e0 l&rsquo;\u00e9levage :<\/p>\n<\/div>\n<p><a href=\"http:\/\/shetlandsdesbordes.fr\/?page_id=1295\">Enigme des Pr\u00e8s de la Chauss\u00e9e<\/a><\/p>\n<p><a href=\"http:\/\/shetlandsdesbordes.fr\/?page_id=1289\">Janet de la Picherie<\/a><\/p>\n<p><a href=\"http:\/\/shetlandsdesbordes.fr\/?page_id=403\">Linka de Cottard<\/a><\/p>\n<p><a href=\"http:\/\/shetlandsdesbordes.fr\/?page_id=402\">Utopie Commanderie<\/a><\/p>\n<p><a href=\"http:\/\/shetlandsdesbordes.fr\/?page_id=150\">Elloween des Bordes<\/a><\/p>\n<p><a href=\"http:\/\/shetlandsdesbordes.fr\/?page_id=171\">Fleur Bleue des Bordes\u00a0<\/a><\/p>\n<p><a href=\"http:\/\/shetlandsdesbordes.fr\/?page_id=198\">Hugoline des Bordes<\/a><\/p>\n<p><a href=\"http:\/\/shetlandsdesbordes.fr\/?page_id=203\">Idylle des Bordes<\/a><\/p>\n<p><a href=\"http:\/\/shetlandsdesbordes.fr\/?page_id=235\">Ile Flottante des Bordes<\/a><\/p>\n<p>Solonia Caramia<\/p>\n<p>Solonia Verbina<\/p>\n<p>Mina des Girards<\/p>\n<p>Moon des Girards<\/p>\n<p>Rh\u00e9a de l&rsquo;Anerie<\/p>\n<p>Samba des Vannaux<\/p>\n<p>Nu\u00e9e bleue du S\u00e2non<\/p>\n\n\n<figure class=\"wp-block-image size-full is-resized\"><img loading=\"lazy\" decoding=\"async\" width=\"457\" height=\"365\" src=\"http:\/\/shetlandsdesbordes.fr\/wp-content\/uploads\/2020\/07\/ligni\u00e8res-2019-5-1.jpg\" alt=\"\" class=\"wp-image-798\" style=\"width:618px;height:494px\" srcset=\"https:\/\/shetlandsdesbordes.fr\/wp-content\/uploads\/2020\/07\/ligni\u00e8res-2019-5-1.jpg 457w, https:\/\/shetlandsdesbordes.fr\/wp-content\/uploads\/2020\/07\/ligni\u00e8res-2019-5-1-300x240.jpg 300w\" sizes=\"(max-width: 457px) 100vw, 457px\" \/><figcaption class=\"wp-element-caption\">Linka de Cottard<\/figcaption><\/figure>\n\n\n\n<figure class=\"wp-block-image size-large\"><img loading=\"lazy\" decoding=\"async\" width=\"1024\" height=\"576\" src=\"http:\/\/shetlandsdesbordes.fr\/wp-content\/uploads\/2020\/07\/P1040688-1024x576.jpg\" alt=\"\" class=\"wp-image-707\"\/><figcaption class=\"wp-element-caption\">Utopie Commanderie<\/figcaption><\/figure>\n\n\n\n<figure class=\"wp-block-image size-full\"><img decoding=\"async\" src=\"http:\/\/shetlandsdesbordes.fr\/wp-content\/uploads\/2020\/07\/ligni\u00e8res-2019-4.jpg\" alt=\"\" class=\"wp-image-694\"\/><figcaption class=\"wp-element-caption\">Elloween des Bordes<\/figcaption><\/figure>\n\n\n\n<figure class=\"wp-block-image size-large\"><img loading=\"lazy\" decoding=\"async\" width=\"1024\" height=\"785\" src=\"http:\/\/shetlandsdesbordes.fr\/wp-content\/uploads\/2020\/07\/P1180193-1024x785.jpg\" alt=\"\" class=\"wp-image-722\"\/><figcaption class=\"wp-element-caption\">Fleur bleue des Bordes<\/figcaption><\/figure>\n\n\n\n<figure class=\"wp-block-image size-large\"><img loading=\"lazy\" decoding=\"async\" width=\"1024\" height=\"699\" src=\"http:\/\/shetlandsdesbordes.fr\/wp-content\/uploads\/2022\/11\/hugoline-1-1-1024x699.png\" alt=\"\" class=\"wp-image-1076\"\/><figcaption class=\"wp-element-caption\">Hugoline des Bordes<\/figcaption><\/figure>\n\n\n\n<figure class=\"wp-block-image size-large\"><img loading=\"lazy\" decoding=\"async\" width=\"1024\" height=\"683\" src=\"http:\/\/shetlandsdesbordes.fr\/wp-content\/uploads\/2023\/01\/A761EBD4-40D5-43A0-A815-7200E8C22309_1_201_a-1024x683.jpeg\" alt=\"\" class=\"wp-image-1135\"\/><figcaption class=\"wp-element-caption\">Idylle des Bordes<\/figcaption><\/figure>\n\n\n\n<figure class=\"wp-block-image size-large\"><img loading=\"lazy\" decoding=\"async\" width=\"1024\" height=\"748\" src=\"http:\/\/shetlandsdesbordes.fr\/wp-content\/uploads\/2022\/11\/ile-fottante-10-1024x748.jpg\" alt=\"\" class=\"wp-image-1062\"\/><figcaption class=\"wp-element-caption\">Ile flottante des Bordes<\/figcaption><\/figure>\n","protected":false},"excerpt":{"rendered":"<p>Toutes nos poulini\u00e8res ont \u00e9t\u00e9 prim\u00e9es en concours Mod\u00e8les et Allures, certaines sont championnes de France. Nous vous pr\u00e9sentons l&rsquo;ensemble des juments mises \u00e0 la reproduction \u00e0 l&rsquo;\u00e9levage : Enigme des Pr\u00e8s de la Chauss\u00e9e Janet de la Picherie Linka <a class=\"more-link\" href=\"https:\/\/shetlandsdesbordes.fr\/?page_id=25\">Lire plus &#8230;<\/a><\/p>\n","protected":false},"author":1,"featured_media":0,"parent":0,"menu_order":0,"comment_status":"closed","ping_status":"closed","template":"","meta":{"footnotes":""},"_links":{"self":[{"href":"https:\/\/shetlandsdesbordes.fr\/index.php?rest_route=\/wp\/v2\/pages\/25"}],"collection":[{"href":"https:\/\/shetlandsdesbordes.fr\/index.php?rest_route=\/wp\/v2\/pages"}],"about":[{"href":"https:\/\/shetlandsdesbordes.fr\/index.php?rest_route=\/wp\/v2\/types\/page"}],"author":[{"embeddable":true,"href":"https:\/\/shetlandsdesbordes.fr\/index.php?rest_route=\/wp\/v2\/users\/1"}],"replies":[{"embeddable":true,"href":"https:\/\/shetlandsdesbordes.fr\/index.php?rest_route=%2Fwp%2Fv2%2Fcomments&post=25"}],"version-history":[{"count":33,"href":"https:\/\/shetlandsdesbordes.fr\/index.php?rest_route=\/wp\/v2\/pages\/25\/revisions"}],"predecessor-version":[{"id":1844,"href":"https:\/\/shetlandsdesbordes.fr\/index.php?rest_route=\/wp\/v2\/pages\/25\/revisions\/1844"}],"wp:attachment":[{"href":"https:\/\/shetlandsdesbordes.fr\/index.php?rest_route=%2Fwp%2Fv2%2Fmedia&parent=25"}],"curies":[{"name":"wp","href":"https:\/\/api.w.org\/{rel}","templated":true}]}}