{"id":1457,"date":"2023-06-01T00:53:55","date_gmt":"2023-05-31T22:53:55","guid":{"rendered":"http:\/\/shetlandsdesbordes.fr\/?page_id=1457"},"modified":"2026-04-05T23:00:27","modified_gmt":"2026-04-05T21:00:27","slug":"nerfetiti-des-bordes","status":"publish","type":"page","link":"https:\/\/shetlandsdesbordes.fr\/?page_id=1457","title":{"rendered":"Nerfetiti des Bordes"},"content":{"rendered":"\n<p>Nefertiti est une sublime pouliche alezane qui sera de taille standard. <\/p>\n\n\n\n<p>C&rsquo;est la fille de Jedi de M\u00e9ravilheta et de Idylle des Bordes<br>Nefertiti est vice-championne r\u00e9gionale \u00e0 Ligni\u00e8res des pouliches de 1an, elle se classe donc 2\u00e8me\/10, avec la mention TRES PROMETTEUR. <\/p>\n\n\n\n<p>Son p\u00e8re est qualifi\u00e9 TRES PROMETTEUR \u00e0 3 ans, EXCELLENT \u00e0 5 ans<br>Sa m\u00e8re est qualifi\u00e9e PROMETTEUR \u00e0 3 ans. <br>Nefertiti est partie dans une famille dans le Loiret, nous lui souhaitons bonne continuation.<br><\/p>\n\n\n\n<p><\/p>\n\n\n\n<figure class=\"wp-block-image size-large\"><img loading=\"lazy\" decoding=\"async\" width=\"950\" height=\"733\" src=\"http:\/\/shetlandsdesbordes.fr\/wp-content\/uploads\/2023\/09\/IMG_9065-950x733.jpeg\" alt=\"\" class=\"wp-image-1500\"\/><figcaption class=\"wp-element-caption\">Nerfertiti \u00e0 2 mois<\/figcaption><\/figure>\n\n\n\n<p><\/p>\n","protected":false},"excerpt":{"rendered":"<p>Nefertiti est une sublime pouliche alezane qui sera de taille standard. C&rsquo;est la fille de Jedi de M\u00e9ravilheta et de Idylle des BordesNefertiti est vice-championne r\u00e9gionale \u00e0 Ligni\u00e8res des pouliches de 1an, elle se classe donc 2\u00e8me\/10, avec la mention <a class=\"more-link\" href=\"https:\/\/shetlandsdesbordes.fr\/?page_id=1457\">Lire plus &#8230;<\/a><\/p>\n","protected":false},"author":1,"featured_media":0,"parent":31,"menu_order":0,"comment_status":"closed","ping_status":"closed","template":"","meta":{"footnotes":""},"_links":{"self":[{"href":"https:\/\/shetlandsdesbordes.fr\/index.php?rest_route=\/wp\/v2\/pages\/1457"}],"collection":[{"href":"https:\/\/shetlandsdesbordes.fr\/index.php?rest_route=\/wp\/v2\/pages"}],"about":[{"href":"https:\/\/shetlandsdesbordes.fr\/index.php?rest_route=\/wp\/v2\/types\/page"}],"author":[{"embeddable":true,"href":"https:\/\/shetlandsdesbordes.fr\/index.php?rest_route=\/wp\/v2\/users\/1"}],"replies":[{"embeddable":true,"href":"https:\/\/shetlandsdesbordes.fr\/index.php?rest_route=%2Fwp%2Fv2%2Fcomments&post=1457"}],"version-history":[{"count":6,"href":"https:\/\/shetlandsdesbordes.fr\/index.php?rest_route=\/wp\/v2\/pages\/1457\/revisions"}],"predecessor-version":[{"id":1835,"href":"https:\/\/shetlandsdesbordes.fr\/index.php?rest_route=\/wp\/v2\/pages\/1457\/revisions\/1835"}],"up":[{"embeddable":true,"href":"https:\/\/shetlandsdesbordes.fr\/index.php?rest_route=\/wp\/v2\/pages\/31"}],"wp:attachment":[{"href":"https:\/\/shetlandsdesbordes.fr\/index.php?rest_route=%2Fwp%2Fv2%2Fmedia&parent=1457"}],"curies":[{"name":"wp","href":"https:\/\/api.w.org\/{rel}","templated":true}]}}