{"id":14,"date":"2018-10-22T19:03:50","date_gmt":"2018-10-22T17:03:50","guid":{"rendered":"http:\/\/shetlandsdesbordes.fr\/?page_id=14"},"modified":"2023-02-01T12:50:30","modified_gmt":"2023-02-01T11:50:30","slug":"nos-partenaires","status":"publish","type":"page","link":"https:\/\/shetlandsdesbordes.fr\/?page_id=14","title":{"rendered":"Nos partenaires"},"content":{"rendered":"<p><a href=\"https:\/\/www.ifce.fr\/haras-nationaux\/\">Haras nationaux<\/a> &#8211; <a href=\"https:\/\/www.ifce.fr\/\"><span style=\"color: #666699;\">IFCE<\/span><\/a><\/p>\n<p><a href=\"https:\/\/www.facebook.com\/franceshetlandpassion\/?locale=fr_FR\">France-Shetland Passion<\/a><\/p>\n<p><a href=\"https:\/\/www.shetlandfrance.com\/\"><span style=\"color: #666699;\">AFPS-GEPS<\/span>\u00a0 <\/a><em><span style=\"color: #999999;\">association fran\u00e7aise du poney shetland<\/span><\/em><\/p>\n<p><a href=\"https:\/\/www.conseilchevauxcentrevaldeloire.fr\/\"><span style=\"color: #666699;\">CERC<\/span><\/a> <span style=\"color: #999999;\"><em>conseil \u00e9quin de la r\u00e9gion Centre<\/em> <\/span><\/p>\n<p><a title=\"l'echo des poneys\" href=\"https:\/\/www.facebook.com\/echoponeys\/\" target=\"_blank\" rel=\"noopener noreferrer\">L&rsquo;\u00e9cho des poneys<\/a><\/p>\n<p><a title=\"F\u00e9d\u00e9ration fran\u00e7aise d'\u00e9quitation\" href=\"http:\/\/ffe.com\/\" target=\"_blank\" rel=\"noopener noreferrer\">FFE<\/a> <em><span style=\"color: #808080;\">f\u00e9d\u00e9ration fran\u00e7aise d&rsquo;\u00e9quitation<\/span> <\/em><\/p>\n<p><a title=\"Poneys Shetland site wikip\u00e9dia\" href=\"http:\/\/fr.wikipedia.org\/wiki\/Shetland_(cheval)\" target=\"_blank\" rel=\"noopener noreferrer\">Poneys Shetland site Wikip\u00e9dia<\/a><\/p>\n<p><a title=\"Iles Shetland site wikip\u00e9dia\" href=\"http:\/\/fr.wikipedia.org\/wiki\/Shetland\" target=\"_blank\" rel=\"noopener noreferrer\">Iles Shetland site wikip\u00e9dia<\/a><\/p>\n<p><a href=\"http:\/\/webpedigrees.com\">webpedigree<\/a><\/p>\n\n\n<figure class=\"wp-block-gallery alignright has-nested-images columns-default is-cropped wp-block-gallery-1 is-layout-flex wp-block-gallery-is-layout-flex\">\n<figure class=\"wp-block-image size-large\"><img loading=\"lazy\" decoding=\"async\" width=\"950\" height=\"950\" data-id=\"1377\" src=\"http:\/\/shetlandsdesbordes.fr\/wp-content\/uploads\/2023\/01\/309555948_765767651480258_9037299254424952955_n-950x950.png\" alt=\"\" class=\"wp-image-1377\"\/><\/figure>\n<\/figure>\n\n\n\n<figure class=\"wp-block-gallery alignleft has-nested-images columns-default is-cropped wp-block-gallery-2 is-layout-flex wp-block-gallery-is-layout-flex\">\n<figure class=\"wp-block-image size-large\"><img loading=\"lazy\" decoding=\"async\" width=\"950\" height=\"854\" data-id=\"1382\" src=\"http:\/\/shetlandsdesbordes.fr\/wp-content\/uploads\/2023\/01\/Transport-d-animaux-information-du-ministere-950x854.jpg\" alt=\"\" class=\"wp-image-1382\"\/><\/figure>\n<\/figure>\n\n\n\n<figure class=\"wp-block-image size-full\"><img decoding=\"async\" src=\"http:\/\/shetlandsdesbordes.fr\/wp-content\/uploads\/2023\/01\/logo_marianne_ifce.png\" alt=\"\" class=\"wp-image-1381\"\/><\/figure>\n\n\n\n<figure class=\"wp-block-gallery has-nested-images columns-default is-cropped wp-block-gallery-3 is-layout-flex wp-block-gallery-is-layout-flex\">\n<figure class=\"wp-block-image size-full\"><img decoding=\"async\" data-id=\"1376\" src=\"http:\/\/shetlandsdesbordes.fr\/wp-content\/uploads\/2023\/01\/233640750_191223199713779_6929266580362530129_n.png\" alt=\"\" class=\"wp-image-1376\"\/><\/figure>\n<\/figure>\n\n\n\n<div class=\"wp-block-group\"><div class=\"wp-block-group__inner-container is-layout-constrained wp-block-group-is-layout-constrained\">\n<div class=\"wp-block-columns is-layout-flex wp-container-core-columns-is-layout-1 wp-block-columns-is-layout-flex\">\n<div class=\"wp-block-column is-layout-flow wp-block-column-is-layout-flow\" style=\"flex-basis:100%\">\n<figure class=\"wp-block-gallery has-nested-images columns-default is-cropped wp-block-gallery-4 is-layout-flex wp-block-gallery-is-layout-flex\">\n<figure class=\"wp-block-image size-full\"><img decoding=\"async\" src=\"http:\/\/shetlandsdesbordes.fr\/wp-content\/uploads\/2023\/01\/centre.png\" alt=\"\" class=\"wp-image-1379\"\/><\/figure>\n<\/figure>\n<\/div>\n<\/div>\n<\/div><\/div>\n\n\n\n<figure class=\"wp-block-gallery has-nested-images columns-default is-cropped wp-block-gallery-5 is-layout-flex wp-block-gallery-is-layout-flex\">\n<figure class=\"wp-block-image size-full\"><img decoding=\"async\" data-id=\"1378\" src=\"http:\/\/shetlandsdesbordes.fr\/wp-content\/uploads\/2023\/01\/327217812_856510478944882_2551715431950950963_n.jpg\" alt=\"\" class=\"wp-image-1378\"\/><\/figure>\n<\/figure>\n\n\n\n<figure class=\"wp-block-gallery has-nested-images columns-default is-cropped wp-block-gallery-6 is-layout-flex wp-block-gallery-is-layout-flex\">\n<figure class=\"wp-block-image size-full\"><img loading=\"lazy\" decoding=\"async\" width=\"189\" height=\"201\" data-id=\"1380\" src=\"http:\/\/shetlandsdesbordes.fr\/wp-content\/uploads\/2023\/01\/INS-logo-ancien-HN-marque-HN-1874.jpg\" alt=\"\" class=\"wp-image-1380\"\/><\/figure>\n<\/figure>\n","protected":false},"excerpt":{"rendered":"<p>Haras nationaux &#8211; IFCE France-Shetland Passion AFPS-GEPS\u00a0 association fran\u00e7aise du poney shetland CERC conseil \u00e9quin de la r\u00e9gion Centre L&rsquo;\u00e9cho des poneys FFE f\u00e9d\u00e9ration fran\u00e7aise d&rsquo;\u00e9quitation Poneys Shetland site Wikip\u00e9dia Iles Shetland site wikip\u00e9dia webpedigree<\/p>\n","protected":false},"author":1,"featured_media":0,"parent":0,"menu_order":0,"comment_status":"closed","ping_status":"closed","template":"","meta":{"footnotes":""},"_links":{"self":[{"href":"https:\/\/shetlandsdesbordes.fr\/index.php?rest_route=\/wp\/v2\/pages\/14"}],"collection":[{"href":"https:\/\/shetlandsdesbordes.fr\/index.php?rest_route=\/wp\/v2\/pages"}],"about":[{"href":"https:\/\/shetlandsdesbordes.fr\/index.php?rest_route=\/wp\/v2\/types\/page"}],"author":[{"embeddable":true,"href":"https:\/\/shetlandsdesbordes.fr\/index.php?rest_route=\/wp\/v2\/users\/1"}],"replies":[{"embeddable":true,"href":"https:\/\/shetlandsdesbordes.fr\/index.php?rest_route=%2Fwp%2Fv2%2Fcomments&post=14"}],"version-history":[{"count":18,"href":"https:\/\/shetlandsdesbordes.fr\/index.php?rest_route=\/wp\/v2\/pages\/14\/revisions"}],"predecessor-version":[{"id":1388,"href":"https:\/\/shetlandsdesbordes.fr\/index.php?rest_route=\/wp\/v2\/pages\/14\/revisions\/1388"}],"wp:attachment":[{"href":"https:\/\/shetlandsdesbordes.fr\/index.php?rest_route=%2Fwp%2Fv2%2Fmedia&parent=14"}],"curies":[{"name":"wp","href":"https:\/\/api.w.org\/{rel}","templated":true}]}}