{"id":1339,"date":"2023-01-30T01:20:10","date_gmt":"2023-01-30T00:20:10","guid":{"rendered":"http:\/\/shetlandsdesbordes.fr\/?page_id=1339"},"modified":"2024-04-26T01:14:13","modified_gmt":"2024-04-25T23:14:13","slug":"ella-ella-des-bordes","status":"publish","type":"page","link":"https:\/\/shetlandsdesbordes.fr\/?page_id=1339","title":{"rendered":"Ella Ell&rsquo;a des Bordes"},"content":{"rendered":"\n<p><\/p>\n\n\n\n<p>Ella Ell&rsquo;a est une magnifique ponette alezane crins lav\u00e9s. C&rsquo;est la fille de Paladin des Bordes et de Janet de la picherie (Volcan de la Clairi\u00e8re)<br>Ella Ell&rsquo;a est partie avec Epeps&rsquo;a des Bordes pour devenir poulini\u00e8re chez une \u00e9leveuse en r\u00e9gion parisienne. <\/p>\n\n\n\n<p><\/p>\n\n\n\n<figure class=\"wp-block-image size-large\"><img loading=\"lazy\" decoding=\"async\" width=\"898\" height=\"950\" src=\"https:\/\/shetlandsdesbordes.fr\/wp-content\/uploads\/2024\/04\/10440717_10204537821831821_8080824275932674044_n-898x950.jpg\" alt=\"\" class=\"wp-image-1566\" srcset=\"https:\/\/shetlandsdesbordes.fr\/wp-content\/uploads\/2024\/04\/10440717_10204537821831821_8080824275932674044_n-898x950.jpg 898w, https:\/\/shetlandsdesbordes.fr\/wp-content\/uploads\/2024\/04\/10440717_10204537821831821_8080824275932674044_n-283x300.jpg 283w, https:\/\/shetlandsdesbordes.fr\/wp-content\/uploads\/2024\/04\/10440717_10204537821831821_8080824275932674044_n-768x813.jpg 768w, https:\/\/shetlandsdesbordes.fr\/wp-content\/uploads\/2024\/04\/10440717_10204537821831821_8080824275932674044_n.jpg 907w\" sizes=\"(max-width: 898px) 100vw, 898px\" \/><\/figure>\n","protected":false},"excerpt":{"rendered":"<p>Ella Ell&rsquo;a est une magnifique ponette alezane crins lav\u00e9s. C&rsquo;est la fille de Paladin des Bordes et de Janet de la picherie (Volcan de la Clairi\u00e8re)Ella Ell&rsquo;a est partie avec Epeps&rsquo;a des Bordes pour devenir poulini\u00e8re chez une \u00e9leveuse en <a class=\"more-link\" href=\"https:\/\/shetlandsdesbordes.fr\/?page_id=1339\">Lire plus &#8230;<\/a><\/p>\n","protected":false},"author":1,"featured_media":0,"parent":0,"menu_order":0,"comment_status":"closed","ping_status":"closed","template":"","meta":{"footnotes":""},"_links":{"self":[{"href":"https:\/\/shetlandsdesbordes.fr\/index.php?rest_route=\/wp\/v2\/pages\/1339"}],"collection":[{"href":"https:\/\/shetlandsdesbordes.fr\/index.php?rest_route=\/wp\/v2\/pages"}],"about":[{"href":"https:\/\/shetlandsdesbordes.fr\/index.php?rest_route=\/wp\/v2\/types\/page"}],"author":[{"embeddable":true,"href":"https:\/\/shetlandsdesbordes.fr\/index.php?rest_route=\/wp\/v2\/users\/1"}],"replies":[{"embeddable":true,"href":"https:\/\/shetlandsdesbordes.fr\/index.php?rest_route=%2Fwp%2Fv2%2Fcomments&post=1339"}],"version-history":[{"count":2,"href":"https:\/\/shetlandsdesbordes.fr\/index.php?rest_route=\/wp\/v2\/pages\/1339\/revisions"}],"predecessor-version":[{"id":1567,"href":"https:\/\/shetlandsdesbordes.fr\/index.php?rest_route=\/wp\/v2\/pages\/1339\/revisions\/1567"}],"wp:attachment":[{"href":"https:\/\/shetlandsdesbordes.fr\/index.php?rest_route=%2Fwp%2Fv2%2Fmedia&parent=1339"}],"curies":[{"name":"wp","href":"https:\/\/api.w.org\/{rel}","templated":true}]}}